{"id":108,"date":"2019-04-08T02:45:09","date_gmt":"2019-04-08T00:45:09","guid":{"rendered":"http:\/\/3null.nothing-else-better.de\/?page_id=108"},"modified":"2025-07-31T07:55:54","modified_gmt":"2025-07-31T05:55:54","slug":"termine","status":"publish","type":"page","link":"https:\/\/3null.nothing-else-better.de\/?page_id=108","title":{"rendered":"Termine"},"content":{"rendered":"\n<figure class=\"wp-block-image alignwide\"><img loading=\"lazy\" decoding=\"async\" width=\"1024\" height=\"261\" src=\"https:\/\/3null.nothing-else-better.de\/wp-content\/uploads\/2019\/04\/neb_termine_01-1024x261.jpg\" alt=\"\" class=\"wp-image-252\" srcset=\"https:\/\/3null.nothing-else-better.de\/wp-content\/uploads\/2019\/04\/neb_termine_01.jpg 1024w, https:\/\/3null.nothing-else-better.de\/wp-content\/uploads\/2019\/04\/neb_termine_01-300x76.jpg 300w, https:\/\/3null.nothing-else-better.de\/wp-content\/uploads\/2019\/04\/neb_termine_01-768x196.jpg 768w\" sizes=\"auto, (max-width: 1024px) 100vw, 1024px\" \/><\/figure>\n\n\n\n<p><strong>Demn\u00e4chst<\/strong><\/p>\n\n\n\n<p class=\"has-text-align-center\" style=\"font-size:26px\">t.b.d.<\/p>\n\n\n\n<p><strong>Verpasst<\/strong><\/p>\n\n\n\n<p>13.07.2025 | B\u00fcrgerfest, Schwandorf<br>05.10.2024 | Acoustic Night, Wackersdorf<br>09.07.2023 | B\u00fcrgerfest, Schwandorf<br>25.06.2022 | Altstadtfest, Regensburg<br>19.06.2022 | Bier Craft Festival, Regensburg<br>26.10.2019 | Irish Harp, Regensburg<br>18.05.2019 | Irish Harp, Regensburg <br>23.02.2019 | Irish Harp, Regensburg <br>13.09.2018 | Kneitinger Keller, Regensburg <br>14.10.2017 | Musik Caf\u00e9 P\u00f6sl, Schierling<br>02.07.2016 | Stra\u00dfenfest, Regensburg<br>12.07.2015 | Zug zur Kultur, Regensburg-Pilsen<br>10.08.2014 | Engelchen, Amberg<br>28.02.2014 | geschl. Gesell., M\u00fcnchen<br>16.10.2013 | Klappe, Regensburg<br>13.07.2013 | Engelchen, Amberg<br>27.04.2013 | Konzertival\/Karins, Erding<br>09.02.2013 | Art Club, Regensburg<br>28.09.2012 | Alter Schlachthof, Regensburg<br>03.08.2012 | Art Club, Regensburg<br>28.07.2012 | Alter Schlachthof (Open Air), Regensburg<br>14.07.2012 | Ostengassenfest, Regensburg<br>08.06.2012 | Engelchen, Amberg<br>28.04.2012 | Konzertival\/The Dubliner, Erding<br>14.01.2012 | Alter Schlachthof, Regensburg<br>17.12.2011 | Art Club, Regensburg<br><br><\/p>\n","protected":false},"excerpt":{"rendered":"<p>Demn\u00e4chst Verpasst 13.07.2025 | B\u00fcrgerfest, Schwandorf05.10.2024 | Acoustic Night, Wackersdorf09.07.2023 | B\u00fcrgerfest, Schwandorf25.06.2022 | Altstadtfest, Regensburg19.06.2022 | Bier Craft Festival, Regensburg26.10.2019 | Irish Harp, Regensburg18.05.2019 | Irish Harp, Regensburg 23.02.2019<a href=\"https:\/\/3null.nothing-else-better.de\/?page_id=108\" class=\"more-link\"><span class=\"readmore\">Continue reading<span class=\"screen-reader-text\">Termine<\/span><\/span><\/a><\/p>\n","protected":false},"author":1,"featured_media":0,"parent":0,"menu_order":0,"comment_status":"closed","ping_status":"closed","template":"","meta":{"footnotes":""},"class_list":["post-108","page","type-page","status-publish","hentry"],"_links":{"self":[{"href":"https:\/\/3null.nothing-else-better.de\/index.php?rest_route=\/wp\/v2\/pages\/108","targetHints":{"allow":["GET"]}}],"collection":[{"href":"https:\/\/3null.nothing-else-better.de\/index.php?rest_route=\/wp\/v2\/pages"}],"about":[{"href":"https:\/\/3null.nothing-else-better.de\/index.php?rest_route=\/wp\/v2\/types\/page"}],"author":[{"embeddable":true,"href":"https:\/\/3null.nothing-else-better.de\/index.php?rest_route=\/wp\/v2\/users\/1"}],"replies":[{"embeddable":true,"href":"https:\/\/3null.nothing-else-better.de\/index.php?rest_route=%2Fwp%2Fv2%2Fcomments&post=108"}],"version-history":[{"count":12,"href":"https:\/\/3null.nothing-else-better.de\/index.php?rest_route=\/wp\/v2\/pages\/108\/revisions"}],"predecessor-version":[{"id":516,"href":"https:\/\/3null.nothing-else-better.de\/index.php?rest_route=\/wp\/v2\/pages\/108\/revisions\/516"}],"wp:attachment":[{"href":"https:\/\/3null.nothing-else-better.de\/index.php?rest_route=%2Fwp%2Fv2%2Fmedia&parent=108"}],"curies":[{"name":"wp","href":"https:\/\/api.w.org\/{rel}","templated":true}]}}

<figure class="wp-block-image alignwide"><img loading="lazy" decoding="async" width="1024" height="261" src="https://3null.nothing-else-better.de/wp-content/uploads/2019/04/neb_termine_01-1024x261.jpg" alt="" class="wp-image-252" srcset="https://3null.nothing-else-better.de/wp-content/uploads/2019/04/neb_termine_01.jpg 1024w, https://3null.nothing-else-better.de/wp-content/uploads/2019/04/neb_termine_01-300x76.jpg 300w, https://3null.nothing-else-better.de/wp-content/uploads/2019/04/neb_termine_01-768x196.jpg 768w" sizes="auto, (max-width: 1024px) 100vw, 1024px" /></figure>



<p><strong>Demnächst</strong></p>



<p class="has-text-align-center" style="font-size:26px">t.b.d.</p>



<p><strong>Verpasst</strong></p>



<p>13.07.2025 | Bürgerfest, Schwandorf<br>05.10.2024 | Acoustic Night, Wackersdorf<br>09.07.2023 | Bürgerfest, Schwandorf<br>25.06.2022 | Altstadtfest, Regensburg<br>19.06.2022 | Bier Craft Festival, Regensburg<br>26.10.2019 | Irish Harp, Regensburg<br>18.05.2019 | Irish Harp, Regensburg <br>23.02.2019 | Irish Harp, Regensburg <br>13.09.2018 | Kneitinger Keller, Regensburg <br>14.10.2017 | Musik Café Pösl, Schierling<br>02.07.2016 | Straßenfest, Regensburg<br>12.07.2015 | Zug zur Kultur, Regensburg-Pilsen<br>10.08.2014 | Engelchen, Amberg<br>28.02.2014 | geschl. Gesell., München<br>16.10.2013 | Klappe, Regensburg<br>13.07.2013 | Engelchen, Amberg<br>27.04.2013 | Konzertival/Karins, Erding<br>09.02.2013 | Art Club, Regensburg<br>28.09.2012 | Alter Schlachthof, Regensburg<br>03.08.2012 | Art Club, Regensburg<br>28.07.2012 | Alter Schlachthof (Open Air), Regensburg<br>14.07.2012 | Ostengassenfest, Regensburg<br>08.06.2012 | Engelchen, Amberg<br>28.04.2012 | Konzertival/The Dubliner, Erding<br>14.01.2012 | Alter Schlachthof, Regensburg<br>17.12.2011 | Art Club, Regensburg<br><br></p>

<p>Demnächst Verpasst 13.07.2025 | Bürgerfest, Schwandorf05.10.2024 | Acoustic Night, Wackersdorf09.07.2023 | Bürgerfest, Schwandorf25.06.2022 | Altstadtfest, Regensburg19.06.2022 | Bier Craft Festival, Regensburg26.10.2019 | Irish Harp, Regensburg18.05.2019 | Irish Harp, Regensburg 23.02.2019<a href="https://3null.nothing-else-better.de/?page_id=108" class="more-link"><span class="readmore">Continue reading<span class="screen-reader-text">Termine</span></span></a></p>
